
422
Calculate the highest common factor of 462 and 43142022.
462
Calculate the greatest common divisor of 1824 and 659712.
96
What is the highest common divisor of 58289215 and 3115?
445
Calculate the highest common factor of 9453 and 47305963.
3151
What is the greatest common factor of 40799064 and 65284?
3436
Calculate the highest common factor of 172942840 and 12.
4
Calculate the highest common factor of 575 and 264970350.
575
What is the highest common divisor of 989175 and 339426?
327
What is the greatest common divisor of 274 and 113747401?
137
Calculate the highest common divisor of 118 and 144415126.
118
What is the greatest common factor of 6 and 7710698?
2
Calculate the greatest common factor of 14392010 and 9650.
1930
What is the highest common factor of 90693 and 1107?
27
What is the highest common divisor of 99 and 60681141?
9
Calculate the highest common divisor of 9113616088 and 136.
136
Calculate the greatest common divisor of 37 and 322909915.
37
What is the greatest common factor of 54624 and 330528?
96
What is the highest common factor of 6888200 and 3333?
1111
Calculate the highest common divisor of 5084 and 948414.
62
Calculate the highest common divisor of 406532 and 1211.
7
What is the highest common divisor of 13904 and 57712?
16
What is the highest common divisor of 450307 and 142363?
611
What is the highest common divisor of 460 and 186520?
20
Calculate the highest common divisor of 2088 and 5776104.
696
Calculate the greatest common factor of 13 and 5996419.
13
Calculate the greatest common divisor of 30992 and 7554896.
2384
Calculate the greatest common factor of 661220 and 644.
28
What is the greatest common divisor of 629379526 and 4314?
1438
What is the highest common factor of 263363795 and 20620?
5155
Calculate the highest common factor of 1818 and 11143128.
606
Calculate the highest common divisor of 492590 and 139314.
434
What is the highest common divisor of 71599222 and 628?
314
Calculate the greatest common factor of 175879 and 8791.
59
What is the greatest common divisor of 110602104 and 1788?
1788
What is the greatest common factor of 1771774 and 434?
62
Calculate the greatest common divisor of 541659 and 5183.
71
What is the greatest common divisor of 1100 and 21875975?
275
Calculate the greatest common factor of 21805 and 966035.
245
Calculate the highest common factor of 2643850 and 410780.
4370
What is the highest common divisor of 1162 and 87073889?
581
What is the greatest common factor of 57474442 and 3156?
526
What is the highest common divisor of 14 and 284917682?
14
Calculate the greatest common divisor of 8153906 and 10428.
158
What is the highest common factor of 5997312 and 10960?
2192
What is the greatest common factor of 3102 and 267597?
33
What is the highest common divisor of 6321255 and 60?
15
What is the greatest common factor of 1811271 and 154?
77
What is the highest common factor of 172005253 and 21?
7
Calculate the highest common divisor of 113498 and 13574.
22
Calculate the greatest common divisor of 300 and 1367490.
30
Calculate the highest common factor of 10202694 and 2532.
1266
What is the highest common factor of 89338602 and 1590?
318
Calculate the greatest common factor of 6628 and 7692.
4
Calculate the highest common factor of 25970046 and 6.
6
Calculate the greatest common factor of 48 and 1149090.
6
What is the highest common divisor of 4342 and 7100314?
26
What is the highest common divisor of 119604933 and 1478?
739
What is the greatest common factor of 159 and 179140?
53
What is the highest common divisor of 2352 and 12123?
3
What is the highest common factor of 102554 and 52483646?
2182
What is the greatest common factor of 68552148 and 1032?
516
Calculate the highest common factor of 56938 and 10700858.
1162
Calculate the highest common factor of 2715 and 1113283035.
2715
Calculate the highest common factor of 61465 and 4024105.
95
What is the highest common factor of 12 and 14774181?
3
Calculate the greatest common factor of 1052 and 328489893.
263
Calculate the greatest common divisor of 79049 and 49868.
137
What is the highest common divisor of 10309015 and 1411?
83
Calculate the highest common divisor of 828 and 57177264.
276
Calculate the highest common divisor of 78122 and 905399.
583
Calculate the greatest common factor of 17619 and 786597.
21
Calculate the greatest common divisor of 171062817 and 5961.
5961
Calculate the greatest common factor of 182172 and 8500.
68
Calculate the greatest common factor of 459263000 and 4000.
1000
What is the greatest common factor of 65304582 and 16422?
714
Calculate the highest common factor of 139568 and 262538144.
10736
What is the greatest common divisor of 16682 and 3458?
38
Calculate the greatest common divisor of 5205 and 32158225.
1735
Calculate the highest common divisor of 909 and 58883.
101
What is the highest common factor of 3038 and 2574166?
98
What is the greatest common divisor of 30895396 and 2226?
742
Calculate the highest common factor of 110529 and 4491.
9
Calculate the greatest common divisor of 2357800 and 32040.
40
Calculate the highest common divisor of 191840212 and 3204.
356
What is the greatest common divisor of 88 and 17001644?
44
What is the greatest common factor of 487233 and 43?
43
What is the greatest common factor of 64923 and 6844251?
3417
What is the greatest common factor of 31598 and 1241716?
854
What is the highest common divisor of 595979 and 7047?
29
Calculate the highest common divisor of 15333 and 234860672.
5111
Calculate the greatest common factor of 1125 and 8811375.
375
Calculate the highest common divisor of 70 and 2072035.
35
What is the highest common factor of 29785 and 59903?
37
What is the greatest common factor of 2178478 and 14?
2
Calculate the highest common divisor of 25081 and 22211017.
3583
Calculate the highest common divisor of 1878 and 1403617200.
1878
Calculate the highest common divisor of 154568 and 388644.
556
Calculate the highest common factor of 252404 and 13873712.
2836
What is the greatest common factor of 4187849 and 2051?
293
Calculate the greatest common factor of 1785619 and 1022483.
2981
What is the greatest common divisor of 1715896 and 173264?
728
What is the highest common factor of 50337 and 3009153?
357
What is the highest common factor of 445172 and 871?
13
What is the highest common divisor of 573416 and 3130?
626
What is the greatest common factor of 1894118 and 92250?
82
Calculate the greatest common divisor of 3731 and 1263717.
91
What is the greatest common divisor of 596475322 and 76?
38
What is the greatest common divisor of 17641744 and 464?
464
What is the highest common divisor of 39300 and 549893460?
7860
What is the greatest common factor of 11691 and 459162?
27
What is the greatest common factor of 2178 and 33380754?
726
What is the greatest common factor of 1047582544 and 8?
8
What is the greatest common divisor of 22 and 217529378?
22
Calculate the greatest common factor of 4368 and 457275.
273
What is the greatest common divisor of 196 and 18415670?
98
Calculate the highest common divisor of 1050810 and 3630.
30
Calculate the highest common divisor of 7154 and 51842.
98
What is the highest common divisor of 21512 and 8930169?
2689
What is the highest common factor of 113 and 82384345?
113
Calculate the greatest common factor of 96 and 38510184.
24
What is the highest common divisor of 39884580 and 180?
180
What is the greatest common divisor of 39882 and 24449?
23
Calculate the highest common factor of 28458776 and 1376.
344
What is the greatest common divisor of 23544 and 350762?
218
Calculate the highest common divisor of 37520 and 1925245.
2345
Calculate the highest common divisor of 29970 and 4454430.
1110
What is the highest common divisor of 11664 and 34739766?
1458
What is the highest common factor of 996 and 34608?
12
What is the highest common divisor of 62 and 29430?
2
Calculate the highest common divisor of 51167 and 53029.
19
Calculate the greatest common divisor of 12024655 and 60.
5
Calculate the greatest common divisor of 55343724 and 6.
6
Calculate the greatest common divisor of 1402159 and 451.
451
Calculate the highest common factor of 146610 and 9420.
30
Calculate the greatest common factor of 106791856 